ivided by 31?
15
What is the remainder when 523 is divided by 6?
1
Calculate the remainder when 2190 is divided by 8.
6
Calculate the remainder when 43 is divided by 18.
7
Calculate the remainder when 2826 is divided by 8.
2
What is the remainder when 987 is divided by 33?
30
What is the remainder when 367 is divided by 361?
6
Calculate the remainder when 157 is divided by 49.
10
Calculate the remainder when 959 is divided by 46.
39
Calculate the remainder when 156 is divided by 58.
40
Calculate the remainder when 437 is divided by 16.
5
Calculate the remainder when 173 is divided by 13.
4
Calculate the remainder when 1 is divided by 1.
0
Calculate the remainder when 107 is divided by 28.
23
What is the remainder when 1953 is divided by 22?
17
Calculate the remainder when 3590 is divided by 1192.
14
Calculate the remainder when 895 is divided by 39.
37
What is the remainder when 11 is divided by 11?
0
Calculate the remainder when 56 is divided by 56.
0
Calculate the remainder when 2374 is divided by 22.
20
What is the remainder when 419 is divided by 47?
43
What is the remainder when 99 is divided by 26?
21
What is the remainder when 2701 is divided by 41?
36
What is the remainder when 23689 is divided by 230?
229
What is the remainder when 124 is divided by 44?
36
What is the remainder when 17791 is divided by 139?
138
Calculate the remainder when 138 is divided by 74.
64
What is the remainder when 292 is divided by 74?
70
What is the remainder when 55 is divided by 34?
21
What is the remainder when 2626 is divided by 38?
4
What is the remainder when 119 is divided by 32?
23
What is the remainder when 218 is divided by 117?
101
Calculate the remainder when 118 is divided by 24.
22
What is the remainder when 371 is divided by 48?
35
What is the remainder when 479 is divided by 29?
15
What is the remainder when 2203 is divided by 5?
3
What is the remainder when 566 is divided by 81?
80
What is the remainder when 354 is divided by 80?
34
Calculate the remainder when 903 is divided by 91.
84
Calculate the remainder when 195 is divided by 62.
9
Calculate the remainder when 6430 is divided by 134.
132
Calculate the remainder when 312 is divided by 80.
72
What is the remainder when 1603 is divided by 106?
13
Calculate the remainder when 61 is divided by 49.
12
What is the remainder when 143 is divided by 59?
25
What is the remainder when 776 is divided by 13?
9
Calculate the remainder when 61 is divided by 11.
6
Calculate the remainder when 295 is divided by 11.
9
What is the remainder when 1214 is divided by 53?
48
What is the remainder when 666 is divided by 67?
63
What is the remainder when 281 is divided by 100?
81
Calculate the remainder when 63 is divided by 13.
11
What is the remainder when 3746 is divided by 249?
11
Calculate the remainder when 1296 is divided by 216.
0
What is the remainder when 4082 is divided by 124?
114
What is the remainder when 365 is divided by 97?
74
What is the remainder when 112 is divided by 48?
16
Calculate the remainder when 376 is divided by 340.
36
Calculate the remainder when 2606 is divided by 135.
41
What is the remainder when 9569 is divided by 58?
57
What is the remainder when 159 is divided by 75?
9
What is the remainder when 106 is divided by 9?
7
Calculate the remainder when 1829 is divided by 379.
313
Calculate the remainder when 794 is divided by 12.
2
Calculate the remainder when 131 is divided by 67.
64
Calculate the remainder when 14863 is divided by 7428.
7
Calculate the remainder when 346 is divided by 9.
4
What is the remainder when 41 is divided by 8?
1
Calculate the remainder when 784 is divided by 80.
64
Calculate the remainder when 104 is divided by 14.
6
Calculate the remainder when 36 is divided by 1.
0
What is the remainder when 173 is divided by 59?
55
Calculate the remainder when 291 is divided by 97.
0
What is the remainder when 2781 is divided by 24?
21
Calculate the remainder when 1819 is divided by 14.
13
What is the remainder when 38529 is divided by 228?
225
What is the remainder when 37091 is divided by 15?
11
What is the remainder when 59 is divided by 19?
2
Calculate the remainder when 46 is divided by 21.
4
What is the remainder when 126 is divided by 80?
46
Calculate the remainder when 355 is divided by 119.
117
What is the remainder when 728 is divided by 74?
62
Calculate the remainder when 23 is divided by 4.
3
What is the remainder when 774 is divided by 56?
46
Calculate the remainder when 79 is divided by 12.
7
What is the remainder when 1709 is divided by 45?
44
Calculate the remainder when 55 is divided by 8.
7
Calculate the remainder when 7183 is divided by 2393.
4
What is the remainder when 520 is divided by 28?
16
What is the remainder when 4663 is divided by 186?
13
Calculate the remainder when 1397 is divided by 462.
11
What is the remainder when 236 is divided by 34?
32
Calculate the remainder when 311 is divided by 43.
10
Calculate the remainder when 143 is divided by 92.
51
What is the remainder when 220 is divided by 202?
18
Calculate the remainder when 507 is divided by 163.
18
Calculate the remainder when 89 is divided by 77.
12
What is the remainder when 1447 is divided by 25?
22
Calculate the remainder when 871 is divided by 132.
79
What is the remainder when 70 is divided by 33?
4
What is the remainder when 10606 is divided by 3533?
7
Calculate the remainder when 6431 is divided by 32.
31
What is the remainder when 58 is divided by 34?
24
What is the remainder when 482 is divided by 141?
59
Calculate the remainder when 846 is divided by 81.
36
Calculate the remainder when 892 is divided by 270.
82
What is the remainder when 382 is divided by 102?
76
What is the remainder when 236 is divided by 14?
12
What is the remainder when 51 is divided by 27?
24
What is the remainder when 196 is divided by 25?
21
Calculate the remainder when 577 is divided by 192.
1
Calculate the remainder when 2637 is divided by 8.
5
What is the remainder when 283 is divided by 80?
43
What is the remainder when 63 is divided by 8?
7
What is the remainder when 977 is divided by 20?
17
Calculate the remainder when 4992 is divided by 36.
24
What is the remainder when 236 is divided by 13?
2
What is the remainder when 87 is divided by 23?
18
Calculate the remainder when 732 is divided by 34.
18
What is the remainder when 617 is divided by 62?
59
What is the remainder when 496 is divided by 148?
52
What is the remainder when 263 is divided by 42?
11
Calculate the remainder when 181 is divided by 95.
86
What is the remainder when 138 is divided by 48?
42
Calculate the remainder when 165 is divided by 55.
0
Calculate the remainder when 322 is divided by 158.
6
What is the remainder when 19429 is divided by 145?
144
Calculate the remainder when 522 is divided by 31.
26
What is the remainder when 1806 is divided by 13?
12
Calculate the remainder when 421 is divided by 105.
1
What is the remainder when 591 is divided by 37?
36
Calculate the remainder when 9778 is divided by 60.
58
What is the remainder when 1670 is divided by 7?
4
Calculate the remainder when 268 is divided by 26.
8
Calculate the remainder when 1323 is divided by 51.
48
Calculate the remainder when 86 is divided by 41.
4
What is the remainder when 83 is divided by 64?
19
Calculate the remainder when 2338 is divided by 15.
13
Calculate the remainder when 496 is divided by 175.
146
What is the remainder when 1081 is divided by 57?
55
Calculate the remainder when 657 is divided by 17.
11
Calculate the remainder when 605 is divided by 61.
56
What is the remainder when 3983 is divided by 19?
12
What is the remainder when 369 is divided by 96?
81
Calculate the remainder when 40 is divided by 27.
13
Calculate the remainder when 295 is divided by 38.
29
What is the remainder when 1339 is divided by 12?
7
What is the remainder when 330 is divided by 69?
54
Calculate the remainder when 266 is divided by 106.
54
What is the remainder when 170 is divided by 35?
30
What is the remainder when 846 is divided by 34?
30
Calculate the remainder when 83 is divided by 20.
3
What is the remainder when 685 is divided by 23?
18
What is the remainder when 907 is divided by 220?
27
Calculate the remainder when 148 is divided by 19.
15
What is th